{"id":44,"date":"2021-03-25T14:35:48","date_gmt":"2021-03-25T13:35:48","guid":{"rendered":"http:\/\/com44.ifcstetienne.fr\/wp_margaux\/?page_id=44"},"modified":"2021-04-16T13:53:41","modified_gmt":"2021-04-16T11:53:41","slug":"moyens-de-transport","status":"publish","type":"page","link":"https:\/\/com44.ifcstetienne.fr\/wp_margaux\/moyens-de-transport\/","title":{"rendered":"Moyens de transport"},"content":{"rendered":"\n<p>Les diff\u00e9rents pays cit\u00e9s sur ce blog d\u00e9tiennent plusieurs moyens de transport. On peut ainsi trouver le bus, les taxis, le train, le m\u00e9tro ou encore le v\u00e9lo.<\/p>\n\n\n\n<p><\/p>\n","protected":false},"excerpt":{"rendered":"<p>Les diff\u00e9rents pays cit\u00e9s sur ce blog d\u00e9tiennent plusieurs moyens de transport. On peut ainsi trouver le bus, les taxis, le train, le m\u00e9tro ou encore le v\u00e9lo.<\/p>\n","protected":false},"author":1,"featured_media":0,"parent":0,"menu_order":0,"comment_status":"closed","ping_status":"closed","template":"","meta":{"footnotes":""},"class_list":["post-44","page","type-page","status-publish","hentry"],"_links":{"self":[{"href":"https:\/\/com44.ifcstetienne.fr\/wp_margaux\/wp-json\/wp\/v2\/pages\/44","targetHints":{"allow":["GET"]}}],"collection":[{"href":"https:\/\/com44.ifcstetienne.fr\/wp_margaux\/wp-json\/wp\/v2\/pages"}],"about":[{"href":"https:\/\/com44.ifcstetienne.fr\/wp_margaux\/wp-json\/wp\/v2\/types\/page"}],"author":[{"embeddable":true,"href":"https:\/\/com44.ifcstetienne.fr\/wp_margaux\/wp-json\/wp\/v2\/users\/1"}],"replies":[{"embeddable":true,"href":"https:\/\/com44.ifcstetienne.fr\/wp_margaux\/wp-json\/wp\/v2\/comments?post=44"}],"version-history":[{"count":2,"href":"https:\/\/com44.ifcstetienne.fr\/wp_margaux\/wp-json\/wp\/v2\/pages\/44\/revisions"}],"predecessor-version":[{"id":102,"href":"https:\/\/com44.ifcstetienne.fr\/wp_margaux\/wp-json\/wp\/v2\/pages\/44\/revisions\/102"}],"wp:attachment":[{"href":"https:\/\/com44.ifcstetienne.fr\/wp_margaux\/wp-json\/wp\/v2\/media?parent=44"}],"curies":[{"name":"wp","href":"https:\/\/api.w.org\/{rel}","templated":true}]}}